5. Is t a multiple of 7?
False
Let z = 25 - 23. Suppose -62 = -4*g + x - 0*x, -z = x. Is g a multiple of 15?
True
Let i(v) = -v**2 - 17*v - 18. Let s be i(-15). Suppose -3*x + s = x. Is 3 a factor of x?
True
Suppose c = -c + 18. Let f = c + 1. Is 4 a factor of f?
False
Let n(k) = -k**2 - 6*k + 10. Let d be n(-7). Suppose -2*w + 8 = 2*f, 0 = -d*f + 4*w + 7 + 5. Suppose -6 = -f*v + 3*v. Does 3 divide v?
True
Let v(u) = u**2 + 2*u - 16. Let c be v(-7). Let m = 13 - -8. Suppose -5*n + m + c = 0. Is n a multiple of 4?
True
Let n be 4 + -2 - 1 - 1. Suppose n*m + m - 57 = 0. Does 7 divide 1/(0 - -3)*m?
False
Does 14 divide (1 + 5)*9 + 2?
True
Let j = -6 + 13. Let l(o) = 2*o + 14. Is 7 a factor of l(j)?
True
Let p = 18 + 78. Does 16 divide p?
True
Let h be 56*(37/4 - 1). Suppose -5*r = -3*j - h, 0 = -3*r - r + j + 371. Suppose -5*u + 81 = -0*u + 2*i, -5*u + r = -4*i. Does 17 divide u?
True
Let a(j) be the second derivative of j**5/20 - 2*j**4/3 + 4*j**3/3 - 2*j**2 - j. Let i be a(7). Suppose f + i*d = 4, -8 = f - 5*d - 44. Does 9 divide f?
False
Is (222/(-24))/((-2)/16) a multiple of 37?
True
Suppose l + 9 = 4*l. Suppose -3*u = n - 41, 6*u - 3*u + l*n - 51 = 0. Is u a multiple of 4?
True
Let w be -1*1*0/(-3). Suppose w = 2*g + 2*g - 24. Let p(f) = 8*f + 2. Is p(g) a multiple of 24?
False
Let j = 6 - 0. Suppose -2*x + j*x = 16. Suppose -11 = x*u - 71. Does 8 divide u?
False
Suppose -5*k + 54 + 51 = 0. Suppose -6*g + 3*g + 5*b = -k, 45 = 3*g + 3*b. Does 4 divide g?
True
Suppose -6*k + k = -15. Suppose -4*p + k*p = -4. Suppose p*w = 9*w - 25. Is w a multiple of 4?
False
Suppose 5*f + 5*p = 15, -4*p = -f + 5 + 13. Suppose -f = -7*b + 6*b. Is b/3*2*4 a multiple of 14?
False
Let n(x) = -12*x - 7*x + 3 + 5*x. Let v(m) = -14*m + 2. Let h(u) = -3*n(u) + 4*v(u). Is h(-1) a multiple of 5?
False
Suppose 4*p = -p + 295. Is 25 a factor of p?
False
Suppose 186 = -8*r + 3*r + 4*g, 3*r + 94 = -2*g. Let s = -23 - r. Is s a multiple of 7?
False
Suppose -7*o + 132 = -3*o. Does 14 divide o?
False
Let f be (-1)/4 - (-51)/12. Let g(b) = 3*b - 2 - 3*b + 0*b + 4*b. Is 7 a factor of g(f)?
True
Suppose -4*s + 772 - 128 = 0. Is s a multiple of 12?
False
Let y be 50/30 + (-2)/(-6). Suppose 141 = 2*p + d + 50, -y*d = 6. Does 17 divide p?
False
Suppose 4*k + g = 876, 26 = 5*k - 2*g - 1082. Is k a multiple of 20?
True
Suppose 51*d = 48*d + 336. Is d a multiple of 6?
False
Let v = 17 + -14. Does 3 divide v?
True
Let f(h) = -17*h + 3*h - 1 + 10*h + 3. Let c be (-6)/(-9)*-3*1. Does 10 divide f(c)?
True
Suppose 0*q + n - 46 = -5*q, -n = -q + 8. Let v = -7 + q. Suppose -3*s - v*s + 105 = 0. Is s a multiple of 10?
False
Let d be 248/(-88) + 4/(-22). Let g(s) = -17*s - 3. Does 16 divide g(d)?
True
Let z be (-2 - -3)*(-3 + -1). Is 25 a factor of (-297)/(-12) + (-1)/z?
True
Suppose 57 - 18 = -3*b. Let k = -9 - b. Suppose -p = k*s + 7 - 0, -5*s + 1 = 2*p. Is p a multiple of 6?
False
Let o(r) = r**3 + 9*r**2 + r + 13. Let s = 6 - 15. Does 4 divide o(s)?
True
Let v = 122 - 109. Is v even?
False
Suppose -2*s + 0*s + 68 = 0. Is s a multiple of 9?
False
Suppose 45*c - 496 = 43*c. Does 31 divide c?
True
Does 15 divide (-5 - 146/(-30)) + 1172/15?
False
Let n(a) = -a - 1. Let k(u) = -7*u**2 + 2*u - 1. Let l be k(1). Is n(l) a multiple of 5?
True
Let i(r) = r**2 - 5*r + 5. Let p be i(5). Suppose 69 + 41 = p*u. Does 11 divide u?
True
Let m = -3 + -3. Let a = m + 13. Is 3 a factor of a?
False
Let h be (5/10)/((-2)/44). Let v = -8 - h. Suppose r - 113 = -v*g, 39 = g - 4*r + 3*r. Does 19 divide g?
True
Let k(d) = 10*d - 31. Is 27 a factor of k(22)?
True
Let m = 4 + -6. Let o(v) = -10*v**3 - 2*v**2 - 3*v - 2. Let n be o(m). Suppose 3*l - 41 = n. Is 13 a factor of l?
True
Let w be -2 + 2 + 22/2. Let i be 21 + 2 - 2/(-2). Let s = i - w. Is 13 a factor of s?
True
Suppose 14*h - 11*h + 6 = 0. Let r = h + 10. Is 2 a factor of r?
True
Let d be 83/5 + 8/20. Suppose 2*h + q = 4*h - d, -q = -h + 9. Is h a multiple of 3?
False
Let i(j) = j**3 - 17*j**2 - 15*j - 24. Does 6 divide i(18)?
True
Let j = 12 + -22. Let h = j - -16. Does 4 divide h?
False
Let n(f) be the second derivative of -f**8/840 - f**6/720 - f**5/120 - f**4/4 - 2*f. Let z(v) be the third derivative of n(v). Is 3 a factor of z(-1)?
False
Is 4 a factor of (-1)/(-3 - 22/(-8))?
True
Suppose -b + 8 = 3. Suppose -b*x = -42 - 33. Is 15 a factor of x?
True
Suppose 0 = -3*a + a + 8. Is 10 a factor of 72/7 - a/14?
True
Let u(a) = 4*a**2 - 9*a**2 + 6*a - 2*a + a + a**3 - 5. Is 5 a factor of u(5)?
True
Let g be 2/(-1) - 5/(-1). Suppose g*z = 5*f - 145, f + 5*z = 2 - 1. Is 12 a factor of f?
False
Let i = -84 + 80. Let f(l) = -3*l**2 + 2*l + 1. Let b(d) = 4*d**2 - d. Let y(z) = 5*b(z) + 6*f(z). Is y(i) a multiple of 5?
True
Suppose -4*l + 2*m + 154 = 0, -l - 3*m + 21 = -0*l. Does 9 divide l?
True
Let k(u) = 0*u - 4*u + 13 - 6. Does 17 divide k(-10)?
False
Suppose -3*k - 6 = -l, 0 = -3*l - l + 4*k + 16. Let d = 2 - l. Let p = 1 - d. Is p even?
True
Suppose 0 = 4*c - 109 + 13. Suppose -4*q = 3*g + 2*g, -3*g = 2*q. Suppose -c = -3*i - g. Does 8 divide i?
True
Let q(l) = 16*l**2 + 5. Let y(r) = 17*r**2 + 6. Let z(o) = 6*q(o) - 5*y(o). Does 10 divide z(1)?
False
Suppose -4*s + 2*s = -4. Let z(i) = 6*i**3 - 3*i + 3. Let l be z(s). Let k = l - -6. Does 13 divide k?
False
Let u(x) = -x - 2. Let w be u(-6). Let a(b) = 10*b - 4. Does 12 divide a(w)?
True
Let g = 54 + -33. Does 8 divide g?
False
Does 8 divide (2 - 10/3)*-72?
True
Let v = 3 - 1. Suppose 6 + v = 4*r. Suppose -3*i = 6*b - r*b - 30, 0 = 5*b + i - 43. Does 4 divide b?
False
Does 14 divide ((-42)/15)/((-1)/35)?
True
Let v be (-13)/(-3) - (-3)/(-9). Suppose -v*n + 655 = -3*y, 0 = 4*n - 7*n - 3*y + 507. Suppose 0 = -5*b - 3*u + n + 11, -8 = -2*u. Does 20 divide b?
False
Suppose 613 = 3*w + 208. Is w a multiple of 15?
True
Suppose -f + 0*f + 5 = v, 13 = 5*f + 2*v. Let a(x) = 8*x**3 - x**2 + x. Is a(f) a multiple of 3?
False
Let i = -49 + 130. Is i a multiple of 27?
True
Let q(k) = 0*k + 3*k**2 + 4 - 3 + 6*k. Suppose 3*b = 4*z + 31, -5*b = -2*z - 19 - 14. Is 15 a factor of q(z)?
False
Suppose 2*t - 19 = -3*n, -4*n = -5*t - 3*n + 39. Suppose t = 3*z + z. Let v(j) = -j**3 + 2*j**2 + 2*j - 2. Is v(z) a multiple of 2?
True
Let l(h) be the second derivative of h**4/12 + 2*h**3/3 + 2*h**2 + 4*h. Does 13 divide l(-7)?
False
Let n(p) = p**3 + 3*p**2 - 3*p - 4. Let r be n(-3). Suppose -r*d + 3 = -3*h + 10, -4*d = -h - 7. Does 3 divide h?
True
Let t be (44/8)/(1/(-2)). Let g = t - -14. Let z = g + 27. Is z a multiple of 10?
True
Let h(z) be the first derivative of -z**3/3 + 9*z**2/2 - 12*z - 5. Is 6 a factor of h(6)?
True
Suppose -2*w = 10, 0*w + 4*w - 300 = -5*o. Does 14 divide o?
False
Suppose 4*a + 13*j = 17*j + 424, 392 = 4*a + 4*j. Is 6 a factor of a?
True
Suppose -v + 12 = -2*u - 123, 2*u = 4*v - 570. Does 29 divide v?
True
Suppose 326 = 11*q - 1247. Is 13 a factor of q?
True
Let o(d) = -26*d - 1. Let s be o(-1). Suppose -s = -4*m + 31. Is m a multiple of 4?
False
Let k(v) = 2*v + 3. Let n = -6 - -10. Let g be k(n). Suppose 5*j + 2*z = 23, 3*j + z - g = -3*z. Does 3 divide j?
False
Suppose j = -5*z + 2*j + 135, -5*j = -3*z + 81. Is 27 a factor of z?
True
Let p(s) = s**3 - 6*s**2 - 6*s - 2. Let d be p(7). Suppose -4*o - 10 = -d*o. Does 4 divide o?
False
Suppose 4*o - 112 = 3*j + 25, 0 = -5*o - 3*j + 151. Does 10 divide o?
False
Let i be 0/(-6)*1/1. Let z = 2 - i. Suppose y - 1 = c + 3, z*c = -2. Does 3 divide y?
True
Let x(l) = -l**3 + 14*l**2 - 18*l + 27. Is 26 a factor of x(11)?
False
Is (99/(-18))/((-1)/4) a multiple of 13?
False
Let s(m) = 6*m + 6. Does 12 divide s(5)?
True
Let u(s) = s**2 - 4*s + 2. Let g be u(4). Suppose -3*m = y - 18, -g*m + m - 7 = -4*y. Is 5 a factor of m?
True
Let k(p) = p**2 - 6*p + 13. Does 13 divide k(6)?
True
Let u(w) = -11*w**3 + 1. Let d be u(1). Let c = -38 + 33. Let s = c - d. Is 5 a factor of s?
True
Let g(v) be the third derivative of v**5/15 - 5*v**4/24 - 2*v**3/3 + 3*v**2. Does 18 divide g(4)?
False
Let i(r) = -16*r - 8. Is 11 a factor of i(-6)?
True
Let l be (-4)/(-2) + 5 + 4. Let k(r) = 3*r**2 + 10*r - 3. Let a(v) = 8*v**2 + 30*v - 10. Let m(h) = -4*a(h) + 11*k(h). Does 9 divide m(l)?
True
Let v = 2 + -3. Is 13 + v + -2 + 0 a multiple of 5?
True
Suppose 11 = -k + 44. Is k a mult